847454 + 4?
847458
In base 15, what is -3b - d2ce?
-d31a
In base 16, what is -4f9e + -7?
-4fa5
In base 6, what is -4232 + -5100?
-13332
In base 10, what is -4 + 45253?
45249
In base 9, what is 184 + 522?
716
In base 5, what is 14244 - -1124?
20423
In base 11, what is 8a0125 + 5?
8a012a
In base 12, what is -185aa9 - -1?
-185aa8
In base 4, what is -102 + 222312?
222210
In base 9, what is -1 + 134757?
134756
In base 5, what is -422331013 + 0?
-422331013
In base 9, what is -13160 - -1055?
-12104
In base 14, what is -5086 + 1?
-5085
In base 2, what is 10011011010000 - -100?
10011011010100
In base 6, what is 20430 + -1200?
15230
In base 10, what is 5 + -4981?
-4976
In base 5, what is -24001040 + -4?
-24001044
In base 12, what is -3 - -8957?
8954
In base 15, what is -65 - -292?
22c
In base 10, what is -3 - -51517?
51514
In base 10, what is 389514 + -2?
389512
In base 9, what is 13161 - -1?
13162
In base 7, what is -26302616 + 5?
-26302611
In base 7, what is -23 - 14641?
-14664
In base 16, what is -fb4 + -6?
-fba
In base 10, what is -150 - 252?
-402
In base 13, what is -76 - -2302?
2259
In base 3, what is 2121212 + 10?
2121222
In base 7, what is 4650 - 3?
4644
In base 15, what is -4 + -24a0e?
-24a13
In base 8, what is -360544 + -14?
-360560
In base 9, what is -314 + -248?
-563
In base 7, what is 11 - -131053?
131064
In base 15, what is -786 - 13?
-799
In base 11, what is 9 + 53571?
5357a
In base 8, what is 121470 + -3?
121465
In base 5, what is -1 - 4202301?
-4202302
In base 14, what is 16 + 3d74?
3d8a
In base 7, what is -3 + 434111?
434105
In base 15, what is -147 + ac?
-8a
In base 12, what is -2 - 55a10?
-55a12
In base 8, what is -7453 + 26?
-7425
In base 4, what is -132220 - -1012?
-131202
In base 8, what is 127543 + 11?
127554
In base 15, what is 10849 + -2?
10847
In base 9, what is -4 - 137538?
-137543
In base 8, what is 2 + -331063?
-331061
In base 5, what is -14040414 - 1?
-14040420
In base 5, what is -10403212 + 22?
-10403140
In base 5, what is -4 + -11142304?
-11142313
In base 9, what is -1 - 7251?
-7252
In base 5, what is -21 + 430333?
430312
In base 4, what is 1 - -12110322?
12110323
In base 9, what is 2 - -3764?
3766
In base 7, what is 1023422 - -2?
1023424
In base 10, what is 7697 + -4?
7693
In base 14, what is -8326 - -3d?
-82c7
In base 2, what is 1100 - 11001110110101110?
-11001110110100010
In base 9, what is -122553 - -1?
-122552
In base 2, what is -1011010000011010111 + 101?
-1011010000011010010
In base 14, what is 1 + -2033?
-2032
In base 8, what is 34640 - 51?
34567
In base 6, what is -12 - 232520?
-232532
In base 16, what is 687ff - 0?
687ff
In base 14, what is 2b8b - d6?
2a95
In base 10, what is 2483628 + 4?
2483632
In base 15, what is -2c - 11bbc?
-11be9
In base 4, what is 132 - 211012?
-210220
In base 12, what is -54415 + 31?
-543a4
In base 13, what is 2 + 2940?
2942
In base 7, what is -2021 + 5535?
3514
In base 5, what is -30322344 + 1?
-30322343
In base 4, what is -2013 + 3322?
1303
In base 8, what is -16343 - -223?
-16120
In base 13, what is 85a4 - 4?
85a0
In base 12, what is -211b2 + 51?
-21161
In base 2, what is -100100 - -101000001110?
100111101010
In base 9, what is -68 + -2306?
-2375
In base 5, what is -121210 + 1041?
-120114
In base 14, what is -6 - d181?
-d187
In base 4, what is 2330 + -220121?
-211131
In base 16, what is -5 - 18fc1?
-18fc6
In base 8, what is 215 + 543?
760
In base 16, what is -d4 - 39a?
-46e
In base 5, what is -2 + 11304014?
11304012
In base 15, what is -4 - -4e28?
4e24
In base 2, what is 101001000 - 101000100010?
-100011011010
In base 14, what is -5840 - 3?
-5843
In base 7, what is 1234 + 25505?
30042
In base 16, what is -165676 + -1?
-165677
In base 7, what is -3 + -2624604?
-2624610
In base 2, what is -1110011011 - -1010101110?
-11101101
In base 10, what is -5 + 173890?
173885
In base 5, what is -243204223 - -2?
-243204221
In base 13, what is -55521 - -1a?
-55504
In base 14, what is 40 - -714?
754
In base 11, what is 19a1 + -2?
199a
In base 16, what is 4b3 + 60?
513
In base 15, what is -16 - -2b96?
2b80
In base 13, what is -ab28 - -b?
-ab1a
In base 3, what is -1010 - -111000?
102220
In base 7, what is 33362 + -11?
33351
In base 14, what is 7869 - 17?
7852
In base 8, what is 31635 - 45?
31570
In base 5, what is -220 + 341?
121
In base 11, what is 1688 + -a?
1679
In base 13, what is -62a - -41?
-5b9
In base 11, what is 71a + -99?
631
In base 16, what is 3 - cc348?
-cc345
In base 15, what is 115bab + -2?
115ba9
In base 7, what is 12 - 605400?
-605355
In base 12, what is -22 + 1643?
1621
In base 13, what is -512 + -6b?
-580
In base 15, what is -6d6 - 55e?
-c45
In base 8, what is -555 + 11630?
11053
In base 8, what is -427 - -3727?
3300
In base 7, what is -5004301 - 2?
-5004303
In base 5, what is -13 - 32303?
-32321
In base 3, what is -21100011 - -11?
-21100000
In base 8, what is 10303 - -244?
10547
In base 14, what is -5 + -16a74?
-16a79
In base 8, what is -3020 - 1073?
-4113
In base 2, what is -1101001010111111 + 10?
-1101001010111101
In base 10, what is -4469 + -2?
-4471
In base 8, what is -1 + -220466?
-220467
In base 4, what is 2102330 - 0?
2102330
In base 4, what is 330022 + 2?
330030
In base 5, what is 1240 - -132104?
133344
In base 6, what is -103305 - 31?
-103340
In base 9, what is -16621 - 3?
-16624
In base 11, what is -789 - -403?
-386
In base 16, what is -40d + -3e?
-44b
In base 4, what is 11030 - 1332?
3032
In base 10, what is 339850 - -4?
339854
In base 2, what is 10101 - -11011111?
11110100
In base 10, what is -195716 + -4?
-195720
In base 9, what is 3407 + -35?
3362
In base 9, what is 0 + 3143?
3143
In base 15, what is -2 + 52d8?
52d6
In base 10, what is 6 - 83140?
-83134
In base 15, what is 155 - -b95?
cea
In base 3, what is 2100002 + -21011?
2001221
In base 14, what is 95 + -42?
53
In base 10, what is -15 - 821?
-836
In base 2, what is 1011010110 - 10111101110?
-1100011000
In base 4, what is 1100323 + 2?
1100331
In base 5, what is -14 - -43123?
43104
In base 3, what is 10202022 - -22?
10202121
In base 14, what is -4 + -402db?
-40301
In base 8, what is -6 - -22701?
22673
In base 12, what is -97 + 198b?
18b4
In base 4, what is -1 - -2103130?
2103123
In base 4, what is -1 + 2123321?
2123320
In base 3, what is -2202022102110 + -1?
-2202022102111
In base 3, what is -20 + -11201001?
-11201021
In base 5, what is 22 - 4402122?
-4402100
In base 15, what is 618d - -19?
61a7
In base 7, what is -2664540 - 1?
-2664541
In base 11, what is 50a76 + 0?
50a76
In base 10, what is 5901 - 2?
5899
In base 2, what is -1111111011 + -101?
-10000000000
In base 6, what is -22135442 - 5?
-22135451
In base 2, what is -111110100100 - 11?
-111110100111
In base 11, what is -1700 + -2?
-1702
In base 7, what is 3213522 + -10?
3213512
In base 16, what is -11 + -c69?
-c7a
In base 3, what is 2010000001 + -12?
2002222212
In base 7, what is 1320214 + -2?
1320212
In base 11, what is 35489 - -46?
35524
In base 8, what is 35637 + -4?
35633
In base 14, what is -5c - -434a?
42cc
In base 8, what is 25 - -12671?
12716
In base 11, what is 7a245 + -a?
7a236
In base 3, what is 110121110010 + 1?
110121110011
In base 5, what is 110404 - -110?
111014
In base 7, what is 2230306 - -2?
2230311
In base 9, what is -2 + -1268067?
-1268070
In base 8, what is -341 - -406?
45
In base 4, what is -1230231332 - -2?
-1230231330
In base 7, what is -221 - 320?
-541
In base 8, what is 0 - 223063?
-223063
In base 13, what is 82748 + -4?
82744
In base 6, what is 440 - -253?
1133
In base 2, what is 11001001001100001 - 100?
11001001001011101
In base 12, what is -127 - -139?
12
In base 5, what is 3 + -2004014?
-2004011
In base 13, what is 2881 + -16?
2868
In base 9, what is 13 + 3764?
3777
In base 16, what is 27 - 2bf52?
-2bf2b
In base 12, what is -5 - b1b65?
-b1b6a
In base 7, what is 6 + -23532?
-23523
In base 4, what is 1010322302 + -3?
1010322233
In base 11, what is -8324 + 102?
-8222
In base 16, what is -6d0 + -2d?
-6fd
In base 4, what is 11330221 - 231?
11323330
In base 13, what is 13 - 459?
-446
In base 13, what is -1 + -800a8?
-800a9
In base 6, what is -54 - -1050?
552
In base 6, what is -3103 - -41124?
34021
In base 12, what is -1 - -13510?
1350b
In base 16, what is -2 + -30d12?
-30d14
In base 16, what is -8 + 56b?
563
In base 13, what is 0 + -